111111111
-214124332 (base 5) to base 9
-1662344
-a631a3 (base 11) to base 7
-20320541
What is 908a7 (base 14) in base 9?
578555
Convert -723107 (base 8) to base 4.
-322121013
-37469 (base 10) to base 2
-1001001001011101
What is -a92d57 (base 16) in base 15?
-e90161
Convert -110101111010 (base 3) to base 15.
-4c3b0
Convert -5d0bac (base 14) to base 2.
-1100001011000000110100
What is 113243130 (base 6) in base 8?
10056376
391229 (base 14) to base 7
22452152
1020331130 (base 4) to base 11
194587
Convert -a1b5 (base 12) to base 5.
-1030221
-b0277 (base 13) to base 3
-120222120010
What is -fba7 (base 16) in base 2?
-1111101110100111
What is -12020100011001 (base 3) in base 6?
-135343301
Convert 14341341 (base 6) to base 2.
1111000111100111101
-200412200 (base 5) to base 12
-323a6b
15419994 (base 10) to base 15
1548d49
-333144012 (base 5) to base 4
-11210100321
-12424044 (base 6) to base 12
-178024
-25288 (base 15) to base 10
-118703
What is -98268 (base 13) in base 12?
-113209
246383 (base 10) to base 16
3c26f
Convert 43891 (base 11) to base 3.
10020021111
Convert -23375c (base 15) to base 2.
-110011010101111101100
What is 34721 (base 10) in base 12?
18115
What is 256051 (base 8) in base 12?
436b5
20221221102210 (base 3) to base 10
3699264
Convert -1111001001001101111000 (base 2) to base 10.
-3969912
Convert 100111100101101001010 (base 2) to base 4.
10330231022
What is 186a028 (base 12) in base 10?
5118368
What is 523130244 (base 6) in base 4?
202300002310
What is -d2842 (base 14) in base 12?
-205162
-2201330131 (base 4) to base 5
-132211300
Convert -b08ebd (base 15) to base 16.
-7febdd
Convert 1036b20 (base 12) to base 6.
145331240
133102020 (base 4) to base 15
27e76
What is -155417 (base 11) in base 12?
-b7859
-90b862 (base 14) to base 5
-2221403004
What is 1f0a3 (base 16) in base 3?
20110101212
Convert -11212000111111 (base 3) to base 16.
-275995
What is -2868b (base 13) in base 9?
-125012
What is -1030022202 (base 4) in base 9?
-524843
What is 10122112120 (base 3) in base 6?
1312323
Convert 1459ba5 (base 14) to base 5.
10013244114
-3a8680 (base 12) to base 6
-32432240
Convert -316865 (base 13) to base 7.
-12556226
Convert -147688 (base 9) to base 5.
-10402322
Convert -4653b (base 13) to base 4.
-133111001
What is 133a1 (base 11) in base 14?
6d6c
-10011000110100110 (base 2) to base 14
-20730
1101100111011110100 (base 2) to base 16
6cef4
2400531 (base 6) to base 14
335b1
Convert 3005540 (base 6) to base 8.
423704
What is 5514223 (base 9) in base 7?
34114614
What is -45aa7 (base 16) in base 13?
-9cb61
Convert 472687 (base 9) to base 2.
1000101010111110010
What is -112132132 (base 4) in base 14?
-2579c
What is 22113510 (base 6) in base 10?
663090
What is 364542 (base 9) in base 2?
110101101011100000
What is 12ab4c2 (base 13) in base 7?
100656606
14124342 (base 5) to base 7
1144324
What is 2011202100 (base 3) in base 8?
123517
What is 48da11 (base 16) in base 3?
22222120021021
What is 5c4014 (base 14) in base 2?
1100000011110000010010
-22261623 (base 7) to base 6
-105220030
What is -136705 (base 9) in base 7?
-465650
-41339d (base 16) to base 11
-2459454
-10cadb (base 16) to base 11
-691911
Convert a002b4 (base 13) to base 9.
6878756
What is 57d27d (base 14) in base 8?
13330037
Convert -497228 (base 10) to base 3.
-221021001212
What is 667856 (base 10) in base 8?
2430320
a13440 (base 13) to base 15
4e0b5a
What is 448074 (base 9) in base 8?
1014063
-2343224412 (base 5) to base 13
-118886b
What is -4865667 (base 9) in base 3?
-11222012202021
707240 (base 8) to base 11
14a168
-a87ef (base 16) to base 8
-2503757
250095 (base 10) to base 8
750357
266b43 (base 14) to base 9
2438275
Convert -34004523 (base 7) to base 5.
-1223132414
What is 1363577 (base 11) in base 16?
23d0ea
What is -2111002022 (base 3) in base 11?
-3381a
What is -a6153 (base 12) in base 6?
-4400543
What is 12002202100 (base 3) in base 11?
694a3
-33010123 (base 4) to base 16
-f11b
What is -a5a48 (base 16) in base 8?
-2455110
Convert 282372 (base 9) to base 16.
2a140
What is 664650 (base 7) in base 11?
7a958
Convert 11210013321 (base 4) to base 14.
29d837
-25310134 (base 7) to base 9
-4266764
Convert -144b257 (base 12) to base 8.
-17447643
What is 11001000110111110001 (base 2) in base 16?
c8df1
What is -11121220010210 (base 3) in base 5?
-1112131130
-30cb98 (base 13) to base 11
-710199
Convert 17a4 (base 16) to base 5.
143202
What is -138423 (base 13) in base 8?
-1640171
133111013 (base 5) to base 8
2447656
Convert 62edf (base 16) to base 12.
1765bb
Convert 26a36 (base 12) to base 8.
150112
Convert -14c22 (base 16) to base 14.
-22db4
What is -293eb9 (base 15) in base 2?
-111100101010011110000
-101111000010000001011 (base 2) to base 16
-17840b
Convert -1331213020 (base 4) to base 3.
-222010202201
Convert 1dba47 (base 16) to base 14.
389dd5
81788 (base 10) to base 8
237574
Convert 134e29 (base 15) to base 12.
389003
-10042330 (base 5) to base 11
-55915
Convert -1bbb1 (base 16) to base 14.
-2d573
What is 30164552 (base 7) in base 8?
11431510
-1134313 (base 5) to base 14
-7a2c
Convert -927069 (base 11) to base 5.
-340110013
What is 10000100000111100 (base 2) in base 4?
100200330
Convert -1168561 (base 9) to base 15.
-c874d
Convert 4354541 (base 7) to base 15.
a8648
Convert -26329d (base 14) to base 3.
-2110210201021
What is -17aba0 (base 16) in base 13?
-424110
Convert -252397 (base 11) to base 2.
-1100001010001100110
What is -113933 (base 11) in base 10?
-180810
What is -1273594 (base 11) in base 7?
-24464322
What is -1031300223 (base 4) in base 16?
-4dc2b
Convert -23552004 (base 6) to base 2.
-10110110000010100100
Convert -10031042 (base 5) to base 4.
-103210103
-9c53 (base 15) to base 2
-1000000110000001
Convert 9260f8 (base 16) to base 6.
541340224
What is -120036 (base 9) in base 14?
-1c456
Convert 2127291 (base 10) to base 16.
2075bb
What is 1212355 (base 6) in base 4?
33221033
1334121421 (base 5) to base 13
92c80b
71061626 (base 8) to base 12
5019a46
-1983634 (base 10) to base 16
-1e4492
What is -1021231103 (base 4) in base 8?
-1115523
-1093894 (base 16) to base 9
-35631864
What is -53304 (base 11) in base 2?
-10010111011111101
-210c67 (base 14) to base 6
-35533003
-1186822 (base 9) to base 16
-9e354
What is 221b20 (base 13) in base 8?
3041716
-975030 (base 10) to base 2
-11101110000010110110
Convert -121478 (base 11) to base 6.
-4041545
Convert 3610 (base 14) to base 10.
9422
197a442 (base 11) to base 16
32ec83
Convert 153100402 (base 6) to base 3.
20001221212102
Convert 12213032 (base 4) to base 12.
13812
What is 22313033 (base 5) in base 2?
110000010100000101
Convert 72550 (base 8) to base 13.
108b0
What is 442289 (base 10) in base 3?
211110201002
Convert -33360 (base 10) to base 16.
-8250
Convert 113010002 (base 4) to base 3.
11210120202
Convert 7918814 (base 10) to base 12.
279a792
231411 (base 8) to base 7
445105
What is -1241203312 (base 5) in base 12?
-10401b3
What is af0958 (base 16) in base 12?
3a12508
What is 32753 (base 15) in base 11?
aa468
Convert -330542 (base 8) to base 15.
-22d16
Convert 2401102 (base 8) to base 2.
10100000001001000010
Convert -263bd8 (base 16) to base 9.
-4638137
Convert 544453 (base 8) to base 16.
2c92b
Convert -2044324 (base 6) to base 4.
-120102130
What is -768a1 (base 14) in base 4?
-1012011231
1122102122110 (base 3) to base 2
11010101100000101110
Convert -23131341 (base 5) to base 8.
-626732
Convert -26611662 (base 7) to base 16.
-257d48
Convert 1022854 (base 10) to base 11.
639538
442040411 (base 5) to base 14
37990c
Convert 10204333231 (base 5) to base 16.
a2108a
What is 1011110000111110001 (base 2) in base 14?
a06d3
What is -7402234 (base 9) in base 2?
-1111000110010010101110
Convert -101101001100011101011001 (base 2) to base 15.
-1090593
What is -10130451 (base 6) in base 14?
-78491
Convert -20703 (base 10) to base 7.
-114234
67663 (base 9) to base 2
1010111111010100
386529 (base 11) to base 2
10010100101010000111
Convert 7383878 (base 10) to base 11.
4193687
Convert -1da3 (base 14) to base 8.
-12473
Convert 43894 (base 10) to base 8.
125566
What is 44ac61 (base 13) in base 16?
18c5c5
-1c6348 (base 15) to base 16
-152d5c
-352155 (base 8) to base 16
-1d46d
Convert -12210120122 (base 3) to base 5.
-12123041
What is 32434 (base 10) in base 